False
Is 7853 a composite number?
False
Is 75557 prime?
True
Is 121403 a composite number?
False
Is 251023 a composite number?
True
Is 1082 composite?
True
Is 357683 a prime number?
True
Is 497041 a composite number?
False
Is 5153 a prime number?
True
Is 6421 prime?
True
Is 6901 prime?
False
Is 2846 a composite number?
True
Is 235609 a prime number?
False
Is 1313 a composite number?
True
Is 116821 prime?
False
Is 54794 a prime number?
False
Is 12713 a prime number?
True
Is 35051 composite?
False
Is 236503 composite?
False
Is 1115211 composite?
True
Is 90667 prime?
False
Is 123626 composite?
True
Is 78635 prime?
False
Is 182921 a composite number?
False
Is 5569 prime?
True
Is 225265 prime?
False
Is 1195 composite?
True
Is 12473 a composite number?
False
Is 59027 a composite number?
True
Is 72511 a prime number?
False
Is 921407 prime?
True
Is 57029 a composite number?
True
Is 3959 prime?
False
Is 371263 a composite number?
True
Is 8605 composite?
True
Is 290093 prime?
False
Is 6563 a composite number?
False
Is 142589 a prime number?
True
Is 161627 prime?
True
Is 278403 a prime number?
False
Is 458173 a composite number?
False
Is 2152153 a prime number?
True
Is 89687 a composite number?
True
Is 1969 composite?
True
Is 34583 prime?
True
Is 627017 a prime number?
True
Is 8341 a composite number?
True
Is 119 prime?
False
Is 330557 prime?
True
Is 112741 a composite number?
False
Is 64873 a prime number?
False
Is 1523 prime?
True
Is 193357 composite?
False
Is 2843 prime?
True
Is 5981 composite?
False
Is 1202105 a prime number?
False
Is 46981 composite?
True
Is 372971 a prime number?
True
Is 3011 a prime number?
True
Is 94803 a prime number?
False
Is 4007 composite?
False
Is 72613 composite?
False
Is 119797 a composite number?
False
Is 34121 a prime number?
False
Is 30347 a prime number?
True
Is 20789 a prime number?
True
Is 278687 a composite number?
False
Is 10559 composite?
False
Is 52489 prime?
True
Is 80863 composite?
False
Is 23113 a prime number?
False
Is 2749 a prime number?
True
Is 10771 composite?
False
Is 71513 composite?
True
Is 9865 composite?
True
Is 25787 prime?
False
Is 22147 composite?
False
Is 148309 composite?
True
Is 36151 a composite number?
False
Is 14209 prime?
False
Is 48667 a prime number?
False
Is 7669 a composite number?
False
Is 145067 composite?
True
Is 629 a prime number?
False
Is 2957 prime?
True
Is 91079 a composite number?
False
Is 289 a prime number?
False
Is 13637 composite?
True
Is 2081 a composite number?
False
Is 114259 prime?
True
Is 434717 a composite number?
False
Is 247829 prime?
True
Is 45989 composite?
False
Is 1847 a prime number?
True
Is 124003 a prime number?
False
Is 769 prime?
True
Is 114571 a prime number?
True
Is 2833 composite?
False
Is 8654 composite?
True
Is 1156027 prime?
False
Is 442271 a composite number?
False
Is 313737 prime?
False
Is 11549 prime?
True
Is 1369 a composite number?
True
Is 74967 a prime number?
False
Is 1031 a composite number?
False
Is 1709 a composite number?
False
Is 140843 prime?
False
Is 524698 a prime number?
False
Is 17011 a prime number?
True
Is 22007 a prime number?
False
Is 213965 a prime number?
False
Is 95797 a composite number?
True
Is 535 prime?
False
Is 12661 composite?
True
Is 76661 prime?
False
Is 70631 a prime number?
False
Is 932101 prime?
True
Is 26797 composite?
True
Is 4778 a composite number?
True
Is 14351 a composite number?
True
Is 14285 a composite number?
True
Is 80767 composite?
True
Is 27733 a composite number?
False
Is 16307 composite?
True
Is 820445 a composite number?
True
Is 129994 a composite number?
True
Is 5147 a prime number?
True
Is 431729 prime?
True
Is 116859 composite?
True
Is 7318 composite?
True
Is 561819 composite?
True
Is 25481 a composite number?
True
Is 58657 prime?
True
Is 123397 composite?
False
Is 23549 composite?
False
Is 17441 a prime number?
False
Is 3785 composite?
True
Is 728231 composite?
True
Is 478963 composite?
False
Is 19193 prime?
False
Is 24907 composite?
False
Is 12991 a prime number?
False
Is 52859 composite?
False
Is 127763 prime?
True
Is 105081 a prime number?
False
Is 2793415 prime?
False
Is 43853 a composite number?
False
Is 52637 prime?
False
Is 10133 prime?
True
Is 1011889 composite?
False
Is 21662 a composite number?
True
Is 557 composite?
False
Is 97 a prime number?
True
Is 16619 a prime number?
True
Is 11591 prime?
False
Is 5293 a composite number?
True
Is 254147 prime?
True
Is 1319 a composite number?
False
Is 509 a prime number?
True
Is 29471 prime?
False
Is 2321219 prime?
True
Is 100133 composite?
True
Is 24913 composite?
True
Is 2308871 composite?
False
Is 81611 a prime number?
True
Is 4765 a prime number?
False
Is 625169 composite?
False
Is 52373 composite?
True
Is 45007 composite?
False
Is 309241 a prime number?
True
Is 273755 a composite number?
True
Is 220435 a prime number?
False
Is 694283 composite?
True
Is 38351 a composite number?
False
Is 375047 a composite number?
True
Is 4903 composite?
False
Is 51031 a prime number?
True
Is 75079 a composite number?
False
Is 5765 a prime number?
False
Is 3937 composite?
True
Is 8839 prime?
True
Is 413 prime?
False
Is 64019 prime?
True
Is 4393 a composite number?
True
Is 965 composite?
True
Is 1138519 prime?
True
Is 9607 a composite number?
True
Is 66485 a composite number?
True
Is 100973 a prime number?
False
Is 31087 prime?
False
Is 69109 composite?
False
Is 78331 a composite number?
True
Is 2411 composite?
False
Is 293 a composite number?
False
Is 3314 a prime number?
False
Is 11143 a prime number?
False
Is 22541 a composite number?
False
Is 134422 a prime number?
False
Is 233171 prime?
False
Is 34841 prime?
True
Is 15401 prime?
True
Is 26261 a prime number?
True
Is 43667 composite?
True
Is 30031 composite?
True
Is 147853 composite?
False
Is 302143 prime?
True
Is 798023 a prime number?
True
Is 191755 a composite number?
True
Is 348581 a composite number?
True
Is 404099 a prime number?
True
Is 3943 a composite number?
False
Is 197231 a prime number?
False
Is 8719 composite?
False
Is 9743 a composite number?
False
Is 31769 a prime number?
True
Is 64747 a prime number?
True
Is 490407 a composite number?
True
Is 2819 a composite number?
False
Is 188159 composite?
False
Is 851197 a prime number?
True
Is 572527 composite?
True
Is 2973 composite?
True
Is 1072495 composite?
True
Is 196477 prime?
True
Is 16869 prime?
False
Is 32255 composite?
True
Is 2638 composite?
True
Is 3691 prime?
True
Is 14815 prime?
False
Is 80893 a composite number?
True
Is 25829 a composite number?
True
Is 54062 composite?
True
Is 58637 a prime number?
False
Is 2099 a prime number?
True
Is 93221 composite?
True
Is 3793 composite?
False
Is 89293 prime?
True
Is 368283 prime?
False
Is 392867 a prime number?
False
Is 341331 prime?
False
Is 258529 composite?
True
Is 35935 composite?
True
Is 329883 composite?
True
Is 1934201 a prime number?
True
Is 8053 prime?
True
Is 1075982 prime?
False
Is 1372121 prime?
False
Is 445 a composite number?
True
Is 158189 prime?
True
Is 14401 composite?
False
Is 293 a composite number?
False
Is 48731 composite?
False
Is 1311677 a composite number?
True
Is 274573 a composite number?
True
Is 1347911 a composite number?
True
Is 1356477 a composite number?
True
Is 1223 composite?
False
Is 2965 a prime number?
False
Is 43115 composite?
True
Is 3067 a composite number?
False
Is 49331 a prime number?
True
Is 240371 a prime number?
True
Is 2949 composite?
True
Is 2976971 prime?
True
Is 6245 prime?
False
Is 26137 a composite number?
True
Is 370795 a composite number?
True
Is 355099 prime?
True
Is 406613 prime?
False
Is 18119 a composite number?
False
Is 499 a composite number?
False
Is 63277 a composite number?
False
Is 25735 a prime number?
False
Is 8279 a prime number?
False
Is 1835345 a prime number?
False
Is 1895579 prime?
False
Is 42685 composite?
True
Is 154487 a prime number?
True
Is 11863 composite?
False
Is 2306413 composite?
False
Is 86627 a prime number?
True
Is 198629 a composite number?
True
Is 155921 a composite number?
False
Is 25393 composite?
True
Is 50019 prime?
False
Is 85 a composite number?
True
Is 401981 composite?
False
Is 3365 prime?
False
Is 197507 prime?
True
Is 797 composite?
False
Is 151743 composite?
True
Is 123757 a composite number?
False